2 + a - 42. Calculate m(-2).
-1
Let b(u) = 0*u + 2 - 6*u - 5 + u**2. Calculate b(7).
4
Let v(a) = a**2 - 3*a - 2. Let r = -20 + 21. Suppose -2*f - f = 18. Let y be (f/9)/(r/(-6)). What is v(y)?
2
Let o(j) = j**2 + 6*j + 6. Suppose -4*c + 3*y - 13 = 0, -c + 6*c = 2*y - 18. Calculate o(c).
-2
Let y(c) = -c**3 + 3*c**2 - 3. Let o = -10 + 11. Let b = o + 2. What is y(b)?
-3
Suppose -l = -y + 2, -2*y + 5 + 6 = 5*l. Let x(b) = -12 - b**y + 27*b + 2 - 28*b. Calculate x(0).
-10
Let m be 5/(15/9) - 1. Let o(i) = 2*i + i**2 - 1 - 1 + 3 - 5*i. What is o(m)?
-1
Let a = 8 + -5. Let j(l) be the third derivative of -2*l**2 + 0*l - 1/3*l**a + 1/24*l**4 + 0. What is j(5)?
3
Let n(w) = 7*w + 7. Suppose -5*u + 32 = 7. Let r(o) = -o + o + 3*o + 3. Let d(i) = u*r(i) - 2*n(i). Calculate d(-4).
-3
Let j = 23 + -18. Let m(w) = -w**3 + 6*w**2 - 5*w + 6. What is m(j)?
6
Suppose -r + 1 = -3. Let b(q) = -6*q - 4*q**3 + 6*q**3 - q**3 + 1 - 2*q**2 + 0*q**3. Calculate b(r).
9
Let r be (-66)/(-4) - (-6)/(-12). Let k(y) = 4*y - 3*y**2 - 4*y**2 - r + 6*y**2 + 13. Determine k(4).
-3
Let x(m) = 2 - 2*m - 5*m - 4 + 5*m. Determine x(-5).
8
Suppose 4*f + 9 = -7. Let t(p) be the first derivative of p**2/2 + 5*p + 3. What is t(f)?
1
Suppose b - 6 = c, -10 = b - 3*b + 3*c. Let s = b + -6. Let d(x) = -1 - 3*x**2 - 5*x + s*x**2 + 0. Give d(-3).
5
Let b(f) = -12*f + 9. Let y be b(1). Let o(l) = -5*l**2 + 13*l + 8. Let v(u) = 4*u**2 - 12*u - 7. Let n(p) = -5*o(p) - 6*v(p). Give n(y).
-10
Let n(o) = -o**2 + 10*o + 17. Let x be n(12). Let j(p) = p**3 + 7*p**2 - 2*p - 10. Determine j(x).
4
Let s = -7 - -1. Let k(m) be the first derivative of -m**3/3 - 7*m**2/2 - 9*m + 35. Calculate k(s).
-3
Let c = -7 - -7. Let v(k) = -7 - 11 + 3 + k**2 - k + 2. Calculate v(c).
-13
Suppose 3*h = -2 - 7. Let c be 2 + -6*12/9. Let m = h - c. Let b(w) = -w**3 + w**2 + 3*w - 2. What is b(m)?
-11
Let d(s) be the third derivative of s**4/24 - s**3/3 + 9*s**2. Calculate d(5).
3
Let u(g) be the third derivative of -g**4/6 - g**3/6 + 19*g**2. What is u(-1)?
3
Suppose -3*y - 4*i - 4 = y, -4*i - 20 = -4*y. Let c(k) = -3 + 3*k + 3*k - k - y*k. Let w be 3/3*6 + -3. Determine c(w).
6
Let f(n) = -n**3 + 4*n**2 + 3*n - 5. Let w(z) be the first derivative of -z**2/2 - z + 4. Let q be w(-5). What is f(q)?
7
Let n(x) = x**2 + 3*x + 2. Suppose y - 15 = 5*r, 3*r - 1 + 12 = y. Give n(r).
0
Let x be (1/(-2))/((-5)/(-30)). Let q = x - -5. Let f(y) = -q*y + 3*y - 2*y. Calculate f(-4).
4
Suppose -5*o - 15 = -2*o. Let g(s) be the second derivative of -s**3/6 - 3*s**2 + 2*s. Determine g(o).
-1
Let g(r) = 3*r. Let n(l) = -5*l. Let j(p) = -6*g(p) - 3*n(p). Calculate j(2).
-6
Let d(q) = q + 6. Let p = 66 - 73. Give d(p).
-1
Let v(l) = l**3 - 2*l**2 - l - 3. Let c be v(3). Suppose b - 2 = -b - 5*o, -63 = -5*b + 2*o. Let s(w) = w**c + 3*w**2 + 11*w - b*w. Give s(-3).
0
Suppose -2*u = -u. Let g(t) = 5*t - 1 - 4*t + u. What is g(-4)?
-5
Let r(i) = 3*i + 1. Let g be -1*(-2 + 1)*3. Let q be 2/g - (-11)/(-3). Let x be -4*q/(12 - 0). Calculate r(x).
4
Suppose 4*t = 8 + 16. Let f(w) = w**3 - 5*w**2 - 4*w + 6. What is f(t)?
18
Let j(v) = v + 2. Let i(y) = 4 + 6 + 6*y + 4 - 8*y. Let a be i(10). Determine j(a).
-4
Let o be (-2)/(-5) + (-48)/(-5). Suppose 5*t - 4*t + 3*i = 16, 12 = 5*t - 2*i. Let z(s) = 2*s - t*s + o*s. Give z(1).
8
Let b(d) = -d + 4. Suppose -u + 3*r = -4, 4*u + u = -5*r + 20. Calculate b(u).
0
Let f(d) = d**3 - d**2 + 1. Let v(z) = -z**3 + 6*z**2 - 7*z - 3. Let k(t) = 2*f(t) + v(t). Let r be ((-2)/(-2))/(2/(-10)). Determine k(r).
9
Let h(i) = -i - 3*i**2 - 2 + i**2 + 2*i**3 + 0*i**2 + 0*i. Let y be 1/((-3)/(-18)*3). Calculate h(y).
4
Let a be (-6)/(-4) - (-2)/(-4). Let p(k) be the third derivative of 0*k + 3*k**2 - 1/24*k**4 + 0 + 7/60*k**5 + 0*k**3. Give p(a).
6
Let r(z) = -2*z - 23. Let h(g) = g + 12. Let l(f) = 11*h(f) + 6*r(f). Calculate l(-7).
1
Let b(w) be the first derivative of -w**4/4 + 7*w**3/3 + w**2 - 10*w - 4. Determine b(7).
4
Let b(p) be the second derivative of -p**4/12 - 5*p**3/6 - 3*p. What is b(-3)?
6
Let h(c) be the first derivative of -7*c + 1/2*c**2 - 2. Determine h(5).
-2
Let d(a) = a**2 + a - 1. Let f(v) = -2*v**2 - 5*v. Let o(z) = -3*d(z) - f(z). Let t(p) be the first derivative of o(p). What is t(4)?
-6
Let a(h) = -8*h**3 + 6*h**2 + 7*h + 9. Let i(z) = 7*z**3 - 5*z**2 - 6*z - 8. Let l(q) = 6*a(q) + 7*i(q). Give l(-2).
-6
Let x(h) = -4*h**2 - 1. Let p(k) = -k**3 - 6*k**2 - 7*k - 7. Let d be p(-5). Let r be 8/3 + (-4)/6. Let i = d - r. Give x(i).
-5
Suppose -2 = 5*r - 12. Suppose 4*n = -3*f - r, -3*n + 9 + 0 = -3*f. Let y(m) = 6*m**2. Give y(n).
6
Let k(o) = -4*o - 2*o - 2*o**2 + 6 + 3*o**2. Suppose -s - 4*d + 7 = -2*d, 2*s = -5*d + 15. Suppose -5 = -s*u + 20. Determine k(u).
1
Let l(d) be the second derivative of -d**4/12 + d**3/6 - 6*d**2 - 5*d. Determine l(0).
-12
Let c = 0 + 3. Let l(i) be the first derivative of i**3/3 - 2*i**2 + 2*i + 17. What is l(c)?
-1
Let z(x) = x**3 - 2*x**2 - 3*x + 2. Suppose -3*h - h - 44 = 0. Let u = 20 + h. Let a be 25/u - (-6)/27. Give z(a).
2
Let o(l) = l - 5. Suppose -2*w + 8 = 2*r, 0 = -2*w + r + 2*r + 8. What is o(w)?
-1
Let y(v) = -2*v**2 + 7*v + 6. Let b be y(5). Let c(g) = g - 1. Determine c(b).
-10
Let f(x) = 7*x**2 - 1. Let o be f(-1). Let s(u) = 2*u**2 - o*u - 4 - 4*u**2 + 4*u + u**3. What is s(3)?
-1
Let w(x) = x**3 - 2*x**2 - 4*x + 3. Let a be w(3). Let m be 3*(0 - 1) + a. Let v(q) = -q**3 - 3*q**2 - q + 3. Calculate v(m).
6
Let n(b) = -5*b - 1. Let c = -11 + 12. What is n(c)?
-6
Let r(x) = -12*x + 1. Let l be r(-2). Suppose 3*q + l = 67. Suppose -j - 4*w = w - q, -3*w + 6 = 3*j. Let c(t) = -7*t + 1. Calculate c(j).
8
Let u(y) = -14*y + 6. Let s = 1 + 2. Suppose 8 = s*p + 26. Let q(j) = 5*j - 2. Let n(k) = p*u(k) - 17*q(k). Give n(-2).
0
Let g(z) = z**3 + 6*z**2 + 5*z - 3. Suppose 0 = 8*r - 9*r - 4. What is g(r)?
9
Let i(s) be the first derivative of 1/2*s**2 + 0*s + 1/3*s**3 - 3. Let f be i(-1). Let p(b) = -b + 5. Calculate p(f).
5
Suppose -q - 4*q = -720. Let k(y) = -3 - q*y - 5 + 152*y - y**2. What is k(6)?
4
Suppose -5*r = 3*o - 6*o - 34, -o = r - 2. Suppose -3*m = 4*b + 24, -m + 0*b = -3*b - r. Let g(i) = -4*i - 4. Give g(m).
12
Let a(c) be the first derivative of -c**4/4 - 8*c**3/3 - 4*c**2 - 3*c + 1. Let f(n) = n**3 + 10*n**2 + 16*n + 56. Let y be f(-9). Determine a(y).
4
Let a(t) be the third derivative of -5/6*t**3 - 1/60*t**5 + 0 + 2*t**2 - 7/24*t**4 + 0*t. Let h be a(-5). Let b(q) = 2*q - 7. Give b(h).
3
Let q(m) = 5*m + 15. Let s(u) = 6*u + 15. Let l(g) = 4*q(g) - 3*s(g). Determine l(-10).
-5
Let v(x) = -9*x + 2. Let k(l) = -l - 5. Let c be k(-4). Let s(p) = p. Let b(t) = c*v(t) - 5*s(t). Give b(-2).
-10
Let m(j) be the first derivative of -j**3/3 - 7*j**2/2 - 2*j + 3. Give m(-6).
4
Suppose -10 = x - 6*x. Let s(p) = 5*p**2 - 3*p + 0*p + 3 - p**x. Suppose 0 = -4*r + 2*n + 4, -3 = -3*r - 4*n + 11. Give s(r).
13
Let m(z) be the second derivative of -z**3/6 + 2*z**2 + 2*z. Let l(f) = f**3 + 14*f**2 + 13*f + 4. Let b be l(-13). Determine m(b).
0
Let b be 4/((6 - 1) + -3). Let c(q) be the first derivative of -3*q + 3 + q + 5*q**b - 3*q**2 - 3*q**2. Give c(-3).
4
Let q(p) = -3*p - 6. Let a(h) = 8 + 15*h + 20 + h + 3. Let g(x) = -2*a(x) - 11*q(x). What is g(0)?
4
Let l(w) be the second derivative of w**5/20 + w**4/12 + w**3/6 - 3*w**2/2 - 2*w. Let j(y) be the first derivative of l(y). Determine j(-1).
2
Let q(t) = -t - 3. Suppose -5 = 6*y + 7. Determine q(y).
-1
Let c(s) be the first derivative of 1/3*s**3 + 1/2*s**2 + 1 + 3*s. Let r(m) be the first derivative of c(m). Give r(-4).
-7
Let l(f) = 9*f + 1. Let q(w) = 26*w + 3. Let a(v) = 17*l(v) - 6*q(v). Calculate a(-5).
14
Let w(x) be the first derivative of 9*x**4/4 - x**3/3 + x**2/2 + 1. Give w(1).
9
Let q(b) be the third derivative of b**5/60 - b**4/24 - b**3/6 + b**2. Suppose 6 + 4 = 5*r, -40 = -4*g - 4*r. Suppose g = -5*k + k. What is q(k)?
5
Let a(o) = o + 8. Let u = 3 - 3. Suppose -r = 3 - u. Let p be (1 - 2)*0/r. What is a(p)?
8
Suppose 0*n - 3*n = 0. Let c = n + 3. Let l(r) = -r**3 + 2*r**2 + 4*r + 1. Give l(c).
4
Let v(m) = -4*m**2 + 2*m + 3. Let s(t) = -5*t**2 + 2*t + 2. Let w(k) = 4*s(k) - 3*v(k). What is w(1)?
-7
Suppose 4*g + g = 0. Suppose -3*l + 4*i + 9 = g, -4*l - 5 + 13 = -4*i. Let q(x) = 